s digit of 2442540481?
1
What is the hundred thousands digit of 96876690?
8
What is the units digit of 3400630423?
3
What is the hundreds digit of 9323579?
5
What is the hundreds digit of 1689755957?
9
What is the hundred thousands digit of 419486028?
4
What is the hundreds digit of 1989025?
0
What is the ten millions digit of 1436730927?
3
What is the millions digit of 957843883?
7
What is the ten millions digit of 143983402?
4
What is the hundred thousands digit of 62420870?
4
What is the tens digit of 50534519?
1
What is the tens digit of 95687482?
8
What is the hundred millions digit of 475824265?
4
What is the units digit of 480268041?
1
What is the ten thousands digit of 194661791?
6
What is the ten millions digit of 632645988?
3
What is the hundreds digit of 1723114614?
6
What is the tens digit of 2990544822?
2
What is the hundred thousands digit of 93238567?
2
What is the tens digit of 2683394200?
0
What is the hundred thousands digit of 73189965?
1
What is the units digit of 34259737?
7
What is the tens digit of 6413815667?
6
What is the ten thousands digit of 1453716974?
1
What is the millions digit of 119472828?
9
What is the ten thousands digit of 4202206?
0
What is the ten thousands digit of 535713740?
1
What is the hundreds digit of 87764703?
7
What is the billions digit of 1698361789?
1
What is the hundreds digit of 681539367?
3
What is the hundred thousands digit of 2491557107?
5
What is the hundred millions digit of 4217299470?
2
What is the ten thousands digit of 579131150?
3
What is the millions digit of 594536232?
4
What is the hundred thousands digit of 17222627?
2
What is the hundred millions digit of 741653791?
7
What is the millions digit of 138602928?
8
What is the thousands digit of 66273327?
3
What is the tens digit of 1484737?
3
What is the ten millions digit of 115735136?
1
What is the thousands digit of 83923112?
3
What is the millions digit of 52447059?
2
What is the units digit of 2823270?
0
What is the thousands digit of 379239915?
9
What is the hundreds digit of 83670759?
7
What is the ten thousands digit of 111838772?
3
What is the thousands digit of 3014019949?
9
What is the thousands digit of 44497894?
7
What is the hundred thousands digit of 528819461?
8
What is the tens digit of 44254236?
3
What is the thousands digit of 55175682?
5
What is the ten thousands digit of 34568360?
6
What is the millions digit of 7856513?
7
What is the thousands digit of 191174348?
4
What is the thousands digit of 207102414?
2
What is the hundred thousands digit of 4920786163?
7
What is the thousands digit of 1285119054?
9
What is the hundred millions digit of 6837374996?
8
What is the units digit of 22685309?
9
What is the thousands digit of 308799156?
9
What is the hundreds digit of 2932072080?
0
What is the ten millions digit of 21312701?
2
What is the ten thousands digit of 166439156?
3
What is the hundreds digit of 460748083?
0
What is the ten millions digit of 811525691?
1
What is the ten thousands digit of 17407150?
0
What is the ten millions digit of 45472246?
4
What is the thousands digit of 1015728791?
8
What is the hundred thousands digit of 9320287?
3
What is the hundred thousands digit of 35956819?
9
What is the ten thousands digit of 26853610?
5
What is the ten millions digit of 2994787210?
9
What is the units digit of 205141617?
7
What is the millions digit of 380383450?
0
What is the hundreds digit of 90287862?
8
What is the tens digit of 3985606?
0
What is the ten millions digit of 869238955?
6
What is the tens digit of 7308736?
3
What is the thousands digit of 5034940?
4
What is the ten millions digit of 55026637?
5
What is the hundred thousands digit of 2750864285?
8
What is the units digit of 726288206?
6
What is the ten millions digit of 1004620095?
0
What is the hundred millions digit of 264421850?
2
What is the thousands digit of 125012541?
2
What is the ten thousands digit of 3098994984?
9
What is the thousands digit of 5368939317?
9
What is the units digit of 284307290?
0
What is the hundred millions digit of 147269410?
1
What is the tens digit of 48683151?
5
What is the units digit of 26201821?
1
What is the hundred thousands digit of 11048532?
0
What is the units digit of 924258049?
9
What is the ten thousands digit of 889280422?
8
What is the billions digit of 1616770905?
1
What is the ten millions digit of 45553575?
4
What is the hundred thousands digit of 72153669?
1
What is the ten millions digit of 587927048?
8
What is the billions digit of 6856155103?
6
What is the ten thousands digit of 138674856?
7
What is the thousands digit of 4848613484?
3
What is the millions digit of 153402942?
3
What is the ten millions digit of 497201648?
9
What is the ten thousands digit of 434191479?
9
What is the hundreds digit of 1027118058?
0
What is the hundreds digit of 737456541?
5
What is the hundred thousands digit of 1004539897?
5
What is the hundreds digit of 414807528?
5
What is the thousands digit of 204003645?
3
What is the units digit of 37540838?
8
What is the hundreds digit of 4854252605?
6
What is the billions digit of 1683444698?
1
What is the ten thousands digit of 121440651?
4
What is the ten millions digit of 38905605?
3
What is the hundred thousands digit of 54499775?
4
What is the units digit of 417900419?
9
What is the millions digit of 153069337?
3
What is the tens digit of 1152033524?
2
What is the hundreds digit of 7758698?
6
What is the ten millions digit of 1511129378?
1
What is the thousands digit of 441030316?
0
What is the tens digit of 96209621?
2
What is the thousands digit of 87482668?
2
What is the hundred thousands digit of 31317958?
3
What is the units digit of 277523192?
2
What is the hundred millions digit of 3248840990?
2
What is the units digit of 2658814?
4
What is the thousands digit of 1449665?
9
What is the millions digit of 89294118?
9
What is the tens digit of 74070464?
6
What is the ten millions digit of 359659836?
5
What is the thousands digit of 59436894?
6
What is the thousands digit of 259815853?
5
What is the hundreds digit of 2869253408?
4
What is the tens digit of 20629351?
5
What is the millions digit of 178086625?
8
What is the tens digit of 92843016?
1
What is the hundred thousands digit of 454910533?
9
What is the ten thousands digit of 1662838588?
3
What is the tens digit of 83734953?
5
What is the hundred thousands digit of 83741112?
7
What is the ten millions digit of 181499641?
8
What is the tens digit of 221779099?
9
What is the hundred millions digit of 884871679?
8
What is the units digit of 416107923?
3
What is the units digit of 79590976?
6
What is the hundred thousands digit of 7440012063?
0
What is the hundreds digit of 389654724?
7
What is the ten thousands digit of 8082424381?
2
What is the ten thousands digit of 53955089?
5
What is the thousands digit of 149792578?
2
What is the thousands digit of 12527914?
7
What is the millions digit of 290820370?
0
What is the ten thousands digit of 152272970?
7
What is the tens digit of 30681341?
4
What is the hundreds digit of 38058120?
1
What is the tens digit of 99947522?
2
What is the tens digit of 27727520?
2
What is the millions digit of 214050781?
4
What is the hundred thousands digit of 8295241?
2
What is the millions digit of 2360387859?
0
What is the millions digit of 5728677863?
8
What is the thousands digit of 275016049?
6
What is the ten millions digit of 420595979?
2
What is the thousands digit of 278698891?
8
What is the ten millions digit of 332415341?
3
What is the hundred thousands digit of 171830783?
8
What is the hundreds digit of 1031438234?
2
What is the ten thousands digit of 76136949?
3
What is the units digit of 58596043?
3
What is the ten millions digit of 1574384173?
7
What is the tens digit of 2972348494?
9
What is the ten millions digit of 2653410490?
5
What is the units digit of 1950451862?
2
What is the ten thousands digit of 5912491?
1
What is the millions digit of 16966771?
6
What is the millions digit of 45528962?
5
What is the thousands digit of 1919928725?
8
What is the tens digit of 239979597?
9
What is the units digit of 1766488729?
9
What is the ten thousands digit of 15558070?
5
What is the hundreds digit of 783812664?
6
What is the ten thousands digit of 1879895